{"id":3654,"date":"2020-05-04T09:29:54","date_gmt":"2020-05-04T09:29:54","guid":{"rendered":"https:\/\/bigshop.al\/?post_type=product&#038;p=3654"},"modified":"2020-06-10T11:48:50","modified_gmt":"2020-06-10T11:48:50","slug":"bokse-trust-5","status":"publish","type":"product","link":"https:\/\/bigshop.al\/index.php\/product\/bokse-trust-5\/","title":{"rendered":"Bokse TRUST"},"content":{"rendered":"","protected":false},"excerpt":{"rendered":"<p>Bokse TRUST Vigor 2.0<\/p>\n<ul>\n<li id=\"tw-target-text\" class=\"tw-data-text tw-text-large XcVN5d tw-ta\" dir=\"ltr\" data-placeholder=\"P\u00ebrkthimi\"><span lang=\"sq\">Fuqia maksimale 24W (12 Watt RMS)<\/span><\/li>\n<li class=\"tw-data-text tw-text-large XcVN5d tw-ta\" dir=\"ltr\" data-placeholder=\"P\u00ebrkthimi\"><span lang=\"sq\"> L\u00ebnd\u00eb drusore k\u00ebrkojn\u00eb t\u00eb komplimentojn\u00eb n\u00eb dizajnin tuaj t\u00eb brendsh\u00ebm<\/span><\/li>\n<li class=\"tw-data-text tw-text-large XcVN5d tw-ta\" dir=\"ltr\" data-placeholder=\"P\u00ebrkthimi\"><span lang=\"sq\">Kontrolli i voltazhit dhe butoni i rrym\u00ebs n\u00eb fuqin\u00eb an\u00ebsore &#8211; me energji elektrike n\u00eb mur.<\/span><\/li>\n<\/ul>\n","protected":false},"featured_media":3655,"template":"","meta":[],"product_brand":[],"product_cat":[36,346,24],"product_tag":[],"class_list":{"0":"post-3654","1":"product","2":"type-product","3":"status-publish","4":"has-post-thumbnail","6":"product_cat-aksesore","7":"product_cat-bokse","8":"product_cat-elektronike","9":"description-off","11":"first","12":"instock","13":"shipping-taxable","14":"purchasable","15":"product-type-simple"},"_links":{"self":[{"href":"https:\/\/bigshop.al\/index.php\/wp-json\/wp\/v2\/product\/3654","targetHints":{"allow":["GET"]}}],"collection":[{"href":"https:\/\/bigshop.al\/index.php\/wp-json\/wp\/v2\/product"}],"about":[{"href":"https:\/\/bigshop.al\/index.php\/wp-json\/wp\/v2\/types\/product"}],"wp:featuredmedia":[{"embeddable":true,"href":"https:\/\/bigshop.al\/index.php\/wp-json\/wp\/v2\/media\/3655"}],"wp:attachment":[{"href":"https:\/\/bigshop.al\/index.php\/wp-json\/wp\/v2\/media?parent=3654"}],"wp:term":[{"taxonomy":"product_brand","embeddable":true,"href":"https:\/\/bigshop.al\/index.php\/wp-json\/wp\/v2\/product_brand?post=3654"},{"taxonomy":"product_cat","embeddable":true,"href":"https:\/\/bigshop.al\/index.php\/wp-json\/wp\/v2\/product_cat?post=3654"},{"taxonomy":"product_tag","embeddable":true,"href":"https:\/\/bigshop.al\/index.php\/wp-json\/wp\/v2\/product_tag?post=3654"}],"curies":[{"name":"wp","href":"https:\/\/api.w.org\/{rel}","templated":true}]}}