{"id":3657,"date":"2020-05-04T12:03:20","date_gmt":"2020-05-04T12:03:20","guid":{"rendered":"https:\/\/bigshop.al\/?post_type=product&#038;p=3657"},"modified":"2020-06-10T11:54:57","modified_gmt":"2020-06-10T11:54:57","slug":"bokse-trust-6","status":"publish","type":"product","link":"https:\/\/bigshop.al\/index.php\/product\/bokse-trust-6\/","title":{"rendered":"Bokse TRUST"},"content":{"rendered":"","protected":false},"excerpt":{"rendered":"<p>Bokse TRUST Set Tytan 2.0<\/p>\n<ul>\n<li id=\"tw-target-text\" class=\"tw-data-text tw-text-large XcVN5d tw-ta\" dir=\"ltr\" data-placeholder=\"P\u00ebrkthimi\"><span lang=\"sq\">\u00a0Boks elegant p\u00ebr prodhimin e nj\u00eb tingulli t\u00eb pasur me nj\u00eb prodhim t\u00eb fuqish\u00ebm t\u00eb fuqis\u00eb 36W (18 Watt RMS) <\/span><\/li>\n<li class=\"tw-data-text tw-text-large XcVN5d tw-ta\" dir=\"ltr\" data-placeholder=\"P\u00ebrkthimi\"><span lang=\"sq\">\u00a0Leht\u00eb p\u00ebr t\u00eb arritur v\u00ebllimin dhe kontrollin e basit n\u00eb lidhjen e p\u00ebrparme me kufje.<\/span><\/li>\n<li class=\"tw-data-text tw-text-large XcVN5d tw-ta\" dir=\"ltr\" data-placeholder=\"P\u00ebrkthimi\"><span lang=\"sq\">\u00a0Lidhja e brendshme p\u00ebr tablet, telefon ose mp3 player.<\/span><\/li>\n<li class=\"tw-data-text tw-text-large XcVN5d tw-ta\" dir=\"ltr\" data-placeholder=\"P\u00ebrkthimi\"><span lang=\"sq\">\u00a0USb mund\u00ebsuar: nuk ka nevoj\u00eb p\u00ebr fuqi muri.<\/span><\/li>\n<\/ul>\n","protected":false},"featured_media":3658,"template":"","meta":[],"product_brand":[],"product_cat":[36,346,24],"product_tag":[],"class_list":{"0":"post-3657","1":"product","2":"type-product","3":"status-publish","4":"has-post-thumbnail","6":"product_cat-aksesore","7":"product_cat-bokse","8":"product_cat-elektronike","9":"description-off","11":"first","12":"instock","13":"shipping-taxable","14":"purchasable","15":"product-type-simple"},"_links":{"self":[{"href":"https:\/\/bigshop.al\/index.php\/wp-json\/wp\/v2\/product\/3657","targetHints":{"allow":["GET"]}}],"collection":[{"href":"https:\/\/bigshop.al\/index.php\/wp-json\/wp\/v2\/product"}],"about":[{"href":"https:\/\/bigshop.al\/index.php\/wp-json\/wp\/v2\/types\/product"}],"wp:featuredmedia":[{"embeddable":true,"href":"https:\/\/bigshop.al\/index.php\/wp-json\/wp\/v2\/media\/3658"}],"wp:attachment":[{"href":"https:\/\/bigshop.al\/index.php\/wp-json\/wp\/v2\/media?parent=3657"}],"wp:term":[{"taxonomy":"product_brand","embeddable":true,"href":"https:\/\/bigshop.al\/index.php\/wp-json\/wp\/v2\/product_brand?post=3657"},{"taxonomy":"product_cat","embeddable":true,"href":"https:\/\/bigshop.al\/index.php\/wp-json\/wp\/v2\/product_cat?post=3657"},{"taxonomy":"product_tag","embeddable":true,"href":"https:\/\/bigshop.al\/index.php\/wp-json\/wp\/v2\/product_tag?post=3657"}],"curies":[{"name":"wp","href":"https:\/\/api.w.org\/{rel}","templated":true}]}}