{"id":4093,"date":"2020-05-16T08:17:25","date_gmt":"2020-05-16T08:17:25","guid":{"rendered":"https:\/\/bigshop.al\/?post_type=product&#038;p=4093"},"modified":"2020-06-05T12:00:07","modified_gmt":"2020-06-05T12:00:07","slug":"a4tech-webcam-16mp-3","status":"publish","type":"product","link":"https:\/\/bigshop.al\/index.php\/product\/a4tech-webcam-16mp-3\/","title":{"rendered":"A4Tech WebCam 16MP PK-331F"},"content":{"rendered":"","protected":false},"excerpt":{"rendered":"<p>A4Tech , WebCam Driver-Free ,16MP<\/p>\n<ul>\n<li class=\"tw-data-text tw-text-large XcVN5d tw-ta\" dir=\"ltr\" data-placeholder=\"P\u00ebrkthimi\"><span lang=\"sq\">Rezolucioni maksimal i videos: 1920 x 1080 piksele : <\/span><\/li>\n<li class=\"tw-data-text tw-text-large XcVN5d tw-ta\" dir=\"ltr\" data-placeholder=\"P\u00ebrkthimi\"><span lang=\"sq\">2 MP Megapixel <\/span><\/li>\n<li class=\"tw-data-text tw-text-large XcVN5d tw-ta\" dir=\"ltr\" data-placeholder=\"P\u00ebrkthimi\"><span lang=\"sq\">Nd\u00ebrfaqja: USB 2.0 <\/span><\/li>\n<li class=\"tw-data-text tw-text-large XcVN5d tw-ta\" dir=\"ltr\" data-placeholder=\"P\u00ebrkthimi\"><span lang=\"sq\">Shkalla maksimale e korniz\u00ebs: 30 korniza p\u00ebr sekond\u00eb <\/span><\/li>\n<li class=\"tw-data-text tw-text-large XcVN5d tw-ta\" dir=\"ltr\" data-placeholder=\"P\u00ebrkthimi\"><span lang=\"sq\">Lloji i montimit: Klip \/ Stand Ngjyra: E zez\u00eb<\/span><\/li>\n<\/ul>\n","protected":false},"featured_media":4203,"template":"","meta":[],"product_brand":[],"product_cat":[36,24,45],"product_tag":[],"class_list":{"0":"post-4093","1":"product","2":"type-product","3":"status-publish","4":"has-post-thumbnail","6":"product_cat-aksesore","7":"product_cat-elektronike","8":"product_cat-web-camera","9":"description-off","11":"first","12":"instock","13":"shipping-taxable","14":"purchasable","15":"product-type-simple"},"_links":{"self":[{"href":"https:\/\/bigshop.al\/index.php\/wp-json\/wp\/v2\/product\/4093","targetHints":{"allow":["GET"]}}],"collection":[{"href":"https:\/\/bigshop.al\/index.php\/wp-json\/wp\/v2\/product"}],"about":[{"href":"https:\/\/bigshop.al\/index.php\/wp-json\/wp\/v2\/types\/product"}],"wp:featuredmedia":[{"embeddable":true,"href":"https:\/\/bigshop.al\/index.php\/wp-json\/wp\/v2\/media\/4203"}],"wp:attachment":[{"href":"https:\/\/bigshop.al\/index.php\/wp-json\/wp\/v2\/media?parent=4093"}],"wp:term":[{"taxonomy":"product_brand","embeddable":true,"href":"https:\/\/bigshop.al\/index.php\/wp-json\/wp\/v2\/product_brand?post=4093"},{"taxonomy":"product_cat","embeddable":true,"href":"https:\/\/bigshop.al\/index.php\/wp-json\/wp\/v2\/product_cat?post=4093"},{"taxonomy":"product_tag","embeddable":true,"href":"https:\/\/bigshop.al\/index.php\/wp-json\/wp\/v2\/product_tag?post=4093"}],"curies":[{"name":"wp","href":"https:\/\/api.w.org\/{rel}","templated":true}]}}