{"id":5550,"date":"2020-07-07T08:08:32","date_gmt":"2020-07-07T08:08:32","guid":{"rendered":"https:\/\/bigshop.al\/?post_type=product&#038;p=5550"},"modified":"2020-07-14T08:17:07","modified_gmt":"2020-07-14T08:17:07","slug":"amouage-dia-2","status":"publish","type":"product","link":"https:\/\/bigshop.al\/index.php\/product\/amouage-dia-2\/","title":{"rendered":"Amouage &#8211; Dia"},"content":{"rendered":"","protected":false},"excerpt":{"rendered":"<p class=\"featurette-heading\">Amouage &#8211; Dia<\/p>\n<ul>\n<li><em><strong>\u00a0<\/strong><\/em>Fik, Lule \u00c7iklamini, Bergamot, Tarragon,Sherebel\u00eb, Gjethe Lule Violet\u00eb<\/li>\n<li><strong><em>\u00a0<\/em><\/strong>Lule pjeshke, Vaj Tr\u00ebndafili Turk, Lule Portokalli, Lulegjake, Lule Shpate<\/li>\n<li>\u00a0Myshk I Bardh\u00eb, Vanilje, Temjan, Heliotrope, Dru Cedar, Dru Sandal, Dru Gaiac<\/li>\n<li>30 ml &#8211; 2400L<\/li>\n<li>50 ml &#8211; 3900L<\/li>\n<li>100 ml &#8211; 7650L<\/li>\n<li>200 ml -15150L<\/li>\n<\/ul>\n","protected":false},"featured_media":6212,"template":"","meta":[],"product_brand":[],"product_cat":[166,165],"product_tag":[],"class_list":{"0":"post-5550","1":"product","2":"type-product","3":"status-publish","4":"has-post-thumbnail","6":"product_cat-femra","7":"product_cat-parfume","8":"description-off","10":"first","11":"instock","12":"shipping-taxable","13":"purchasable","14":"product-type-simple"},"_links":{"self":[{"href":"https:\/\/bigshop.al\/index.php\/wp-json\/wp\/v2\/product\/5550","targetHints":{"allow":["GET"]}}],"collection":[{"href":"https:\/\/bigshop.al\/index.php\/wp-json\/wp\/v2\/product"}],"about":[{"href":"https:\/\/bigshop.al\/index.php\/wp-json\/wp\/v2\/types\/product"}],"wp:featuredmedia":[{"embeddable":true,"href":"https:\/\/bigshop.al\/index.php\/wp-json\/wp\/v2\/media\/6212"}],"wp:attachment":[{"href":"https:\/\/bigshop.al\/index.php\/wp-json\/wp\/v2\/media?parent=5550"}],"wp:term":[{"taxonomy":"product_brand","embeddable":true,"href":"https:\/\/bigshop.al\/index.php\/wp-json\/wp\/v2\/product_brand?post=5550"},{"taxonomy":"product_cat","embeddable":true,"href":"https:\/\/bigshop.al\/index.php\/wp-json\/wp\/v2\/product_cat?post=5550"},{"taxonomy":"product_tag","embeddable":true,"href":"https:\/\/bigshop.al\/index.php\/wp-json\/wp\/v2\/product_tag?post=5550"}],"curies":[{"name":"wp","href":"https:\/\/api.w.org\/{rel}","templated":true}]}}