{"id":5575,"date":"2020-07-07T07:25:21","date_gmt":"2020-07-07T07:25:21","guid":{"rendered":"https:\/\/bigshop.al\/?post_type=product&#038;p=5575"},"modified":"2020-07-22T12:47:58","modified_gmt":"2020-07-22T12:47:58","slug":"burberry-brit","status":"publish","type":"product","link":"https:\/\/bigshop.al\/index.php\/product\/burberry-brit\/","title":{"rendered":"Burberry &#8211; Brit"},"content":{"rendered":"","protected":false},"excerpt":{"rendered":"<p class=\"featurette-heading\">Burberry &#8211; Brit<\/p>\n<ul>\n<li>Parfum p\u00ebr Femra<\/li>\n<li>Lime Italiane, Dardh\u00eb, Bajame Jeshile<\/li>\n<li>Bajame e \u00cbmb\u00ebl, Bozhure e Bardh\u00eb<\/li>\n<li>Qelibar, Vanilje, Dru i Kuq, Fasule Tonka<\/li>\n<li>Me mbushje<\/li>\n<li>30 ml \u2013 850L<\/li>\n<li>50 ml \u2013 1400L<\/li>\n<li>100 ml \u2013 2650L<\/li>\n<li>200 ml \u2013 5150L<\/li>\n<\/ul>\n","protected":false},"featured_media":6190,"template":"","meta":[],"product_brand":[],"product_cat":[166,153,165],"product_tag":[],"class_list":{"0":"post-5575","1":"product","2":"type-product","3":"status-publish","4":"has-post-thumbnail","6":"product_cat-femra","7":"product_cat-kujdesi-personal","8":"product_cat-parfume","9":"description-off","11":"first","12":"instock","13":"shipping-taxable","14":"purchasable","15":"product-type-simple"},"_links":{"self":[{"href":"https:\/\/bigshop.al\/index.php\/wp-json\/wp\/v2\/product\/5575","targetHints":{"allow":["GET"]}}],"collection":[{"href":"https:\/\/bigshop.al\/index.php\/wp-json\/wp\/v2\/product"}],"about":[{"href":"https:\/\/bigshop.al\/index.php\/wp-json\/wp\/v2\/types\/product"}],"wp:featuredmedia":[{"embeddable":true,"href":"https:\/\/bigshop.al\/index.php\/wp-json\/wp\/v2\/media\/6190"}],"wp:attachment":[{"href":"https:\/\/bigshop.al\/index.php\/wp-json\/wp\/v2\/media?parent=5575"}],"wp:term":[{"taxonomy":"product_brand","embeddable":true,"href":"https:\/\/bigshop.al\/index.php\/wp-json\/wp\/v2\/product_brand?post=5575"},{"taxonomy":"product_cat","embeddable":true,"href":"https:\/\/bigshop.al\/index.php\/wp-json\/wp\/v2\/product_cat?post=5575"},{"taxonomy":"product_tag","embeddable":true,"href":"https:\/\/bigshop.al\/index.php\/wp-json\/wp\/v2\/product_tag?post=5575"}],"curies":[{"name":"wp","href":"https:\/\/api.w.org\/{rel}","templated":true}]}}