{"id":6518,"date":"2020-07-13T12:31:09","date_gmt":"2020-07-13T12:31:09","guid":{"rendered":"https:\/\/bigshop.al\/?post_type=product&#038;p=6518"},"modified":"2020-07-13T12:49:33","modified_gmt":"2020-07-13T12:49:33","slug":"set-terapia-arganit-arabian-oud","status":"publish","type":"product","link":"https:\/\/bigshop.al\/index.php\/product\/set-terapia-arganit-arabian-oud\/","title":{"rendered":"Set Terapia Arganit Arabian Oud"},"content":{"rendered":"<p>Argan Therapy Set<br \/>\nSet Terapia Arganit Arabian Oud<\/p>\n<ul>\n<li>Per trupin<\/li>\n<li>Per femra dhe per meshkuj<\/li>\n<\/ul>\n<ul>\n<li>Shampo: Kjo shampo krijon nj\u00eb shtres\u00eb mbrojt\u00ebse mbi flok\u00ebt, fal\u00eb formul\u00ebs s\u00eb pasur me keratin\u00eb dhe ndihmon p\u00ebr t\u00eb mbajtur skalpin e hidratuar. Flok\u00ebt tuaj do t\u00eb jen\u00eb m\u00eb t\u00eb sh\u00ebndetsh\u00ebm, duke ushqyer rr\u00ebnj\u00ebt e dob\u00ebta t\u00eb flok\u00ebve dhe plot shk\u00eblqimi.<\/li>\n<li>Liquid Hand Wash ( Sapun I L\u00ebngsh\u00ebm p\u00ebr Duart): Lar\u00ebsi I duarve me vaj argani pastron but\u00ebsisht duart tuaja me formul\u00ebn tij special hidraton dhe I mban t\u00eb buta duart. \u00cbsht\u00eb ideale p\u00ebr t\u00eb gjitha tipet e l\u00ebkur\u00ebs dhe ka nj\u00eb arom\u00eb freskuese dhe t\u00ebrheq\u00ebse.<\/li>\n<li>Body Milk: Qum\u00ebshti I trupit me terapin\u00eb e Arganit, I pasur me glicerin\u00eb p\u00ebr t\u2019I dh\u00ebn\u00eb hidratimin e duhur dhe but\u00ebsi l\u00ebkur\u00ebs tuaj. P\u00ebrkudesja intensive dhe mbrojtja e b\u00ebn l\u00ebkur\u00ebn tuaj t\u00eb shk\u00eblqej\u00eb. Aroma unike iu b\u00ebjn\u00eb t\u00eb ndiheni m\u00eb t\u00eb relaksuar dhe plot vitalitet.<\/li>\n<li>Body Scrub: Ky scrub I jep l\u00ebkur\u00ebs nj\u00eb shk\u00eblqim dhe pamje t\u00eb past\u00ebr duke eliminuar qelizat e vdekura, si dhe rigjeneron l\u00ebkur\u00ebn.<\/li>\n<li>Hand Cream ( Kremi p\u00ebr duart): Kremi I duarve me terapin\u00eb e arganit I jep duarve tuaj hidratimin e duhur gjat\u00eb gjith\u00eb dit\u00ebs. P\u00ebrmbajtja e tij me vaj argani dhe 5% gjalp shea e mban l\u00ebkur\u00ebn e but\u00eb dhe I jep p\u00ebrkujdesje p\u00ebr nj\u00eb koh\u00eb t\u00eb gjat\u00eb. Ju do t\u00eb ndjeni prekjen e m\u00ebndafsht\u00eb dhe bukurin\u00eb e duarve tuaja me kremin e pasuruar me aromat unike t\u00eb terapis\u00eb s\u00eb argaanit gjat\u00eb gjith\u00eb dit\u00ebs.<\/li>\n<li>Shower Gel ( Shampo Trupi): Shampoja e trupit parandalon l\u00ebkur\u00ebn e that\u00eb, e pasur me ekstrakte bimore q\u00eb hidratojn\u00eb l\u00ebkur\u00ebn, e mbajn\u00eb t\u00eb but\u00eb dhe t\u00eb l\u00ebmuar. Pas cdo larje. I p\u00ebrshtatsh\u00ebm p\u00ebr t\u00eb gjitha l\u00ebkurat dhe ruan nivelin e pH.<\/li>\n<li>Hair Mask (Mask\u00eb p\u00ebr Flok\u00ebt): Maska riparuese me vaj Argani \u00ebsht\u00eb e p\u00ebrshtatshme p\u00ebr t\u00eb gjitha llojet e flokut. Parandalon d\u00ebmtimin e flokut nga stilimi dhe efektet e jasht\u00ebme d\u00ebmtuese. P\u00ebrmison elasticitetin e flok\u00ebve dhe redukton r\u00ebnien e tij. Hidraton flokun natyralisht. I b\u00ebn flok\u00ebt t\u00eb fort\u00eb dhe t\u00eb sh\u00ebndetsh\u00ebm.<\/li>\n<li>Body Splash ( Sp\u00ebrkat\u00ebs Trupi): Fal\u00eb formul\u00ebs s\u00eb pasur me ekstrakte natyrale bimore, e b\u00ebn l\u00ebkur\u00ebn t\u00eb ndihet e fresk\u00ebt dhe me nj\u00eb arom\u00eb t\u00eb k\u00ebndshme.<\/li>\n<\/ul>\n","protected":false},"excerpt":{"rendered":"<p>Set Terapia Arganit Arabian Oud<\/p>\n<ol>\n<li>Shampo<\/li>\n<li>Liquid Hand Wash<\/li>\n<li>Body Milk<\/li>\n<li>Body Scrub<\/li>\n<li>Hand Cream<\/li>\n<li>Shower Gel<\/li>\n<li>Hair Mask<\/li>\n<li>Body Splash<\/li>\n<\/ol>\n","protected":false},"featured_media":6519,"template":"","meta":[],"product_brand":[],"product_cat":[162,161,153],"product_tag":[],"class_list":{"0":"post-6518","1":"product","2":"type-product","3":"status-publish","4":"has-post-thumbnail","6":"product_cat-krem-produkte","7":"product_cat-kujdesi-per-lekuren","8":"product_cat-kujdesi-personal","9":"description-off","11":"first","12":"instock","13":"shipping-taxable","14":"purchasable","15":"product-type-simple"},"_links":{"self":[{"href":"https:\/\/bigshop.al\/index.php\/wp-json\/wp\/v2\/product\/6518","targetHints":{"allow":["GET"]}}],"collection":[{"href":"https:\/\/bigshop.al\/index.php\/wp-json\/wp\/v2\/product"}],"about":[{"href":"https:\/\/bigshop.al\/index.php\/wp-json\/wp\/v2\/types\/product"}],"wp:featuredmedia":[{"embeddable":true,"href":"https:\/\/bigshop.al\/index.php\/wp-json\/wp\/v2\/media\/6519"}],"wp:attachment":[{"href":"https:\/\/bigshop.al\/index.php\/wp-json\/wp\/v2\/media?parent=6518"}],"wp:term":[{"taxonomy":"product_brand","embeddable":true,"href":"https:\/\/bigshop.al\/index.php\/wp-json\/wp\/v2\/product_brand?post=6518"},{"taxonomy":"product_cat","embeddable":true,"href":"https:\/\/bigshop.al\/index.php\/wp-json\/wp\/v2\/product_cat?post=6518"},{"taxonomy":"product_tag","embeddable":true,"href":"https:\/\/bigshop.al\/index.php\/wp-json\/wp\/v2\/product_tag?post=6518"}],"curies":[{"name":"wp","href":"https:\/\/api.w.org\/{rel}","templated":true}]}}