{"id":6638,"date":"2020-07-15T10:51:29","date_gmt":"2020-07-15T10:51:29","guid":{"rendered":"https:\/\/bigshop.al\/?post_type=product&#038;p=6638"},"modified":"2020-09-02T07:33:53","modified_gmt":"2020-09-02T07:33:53","slug":"karikues-mp3-baseus","status":"publish","type":"product","link":"https:\/\/bigshop.al\/index.php\/product\/karikues-mp3-baseus\/","title":{"rendered":"Karikues \/ MP3 Baseus"},"content":{"rendered":"<p>Karikues \/ MP3 Baseus<\/p>\n<p>Transmetim i q\u00ebndruesh\u00ebm Bluetooth 5.0: Teknologjia Bluetooth 5.0 siguron distanc\u00eb transmetimi m\u00eb t\u00eb gjat\u00eb dhe m\u00eb t\u00eb q\u00ebndrueshme<br \/>\nDalja me tre porta: Porta t\u00eb dyfishta USB dhe nj\u00eb port\u00eb Type-C<br \/>\nDalje me tre porta p\u00ebr karikimin e tre pajisjeve t\u00eb ndryshme<br \/>\nMb\u00ebshtet protokollet kryesore t\u00eb ngarkimit t\u00eb shpejt\u00eb si SCP, FCP, PPS, PD3.0, QC3.0 \/ QC4.0MTK PE +, etj<br \/>\nThirrje pa duar me nj\u00eb prekje: mikrofon i integruar HD, nj\u00eb prekje p\u00ebr t&#8217;iu p\u00ebrgjigjur thirrjeve hyr\u00ebse, p\u00ebr t\u00eb refuzuar, mbyllur telefonin dhe ri-telefonimin e fundit<br \/>\nLuajtja e muzik\u00ebs mb\u00ebshtetet nga nj\u00eb disk i jasht\u00ebm \/ karta TF Karikues \/ MP3 Baseus<\/p>\n<p>&nbsp;<\/p>\n","protected":false},"excerpt":{"rendered":"<p>Karikues \/ MP3 Baseus<\/p>\n<ul>\n<li>Bluetooth: V4.2<\/li>\n<li>Frekuenca e transmetimit: 87,5-108MHZ<\/li>\n<li>Distanca me Bluetooth: &lt;= 10m<\/li>\n<li>Portet: 2x USB, karte TF \/ micro SD<\/li>\n<li>Formati audio: MP3 \/ WMA \/ WAV \/ FLAC<\/li>\n<li>Madh\u00ebsia: 7 x 4,8 x 3 cm<\/li>\n<li>Pesha: 33 g<\/li>\n<li>P\u00ebrputhshm\u00ebria: iOS \/ Android<\/li>\n<li>Kapaciteti i diskut \/ kart\u00ebs TF: &lt;= 32G<\/li>\n<\/ul>\n","protected":false},"featured_media":6639,"template":"","meta":[],"product_brand":[],"product_cat":[373,103,376],"product_tag":[],"class_list":{"0":"post-6638","1":"product","2":"type-product","3":"status-publish","4":"has-post-thumbnail","6":"product_cat-audio","7":"product_cat-makina","8":"product_cat-mp3-karikues-smartphone","9":"description-off","11":"first","12":"instock","13":"shipping-taxable","14":"purchasable","15":"product-type-simple"},"_links":{"self":[{"href":"https:\/\/bigshop.al\/index.php\/wp-json\/wp\/v2\/product\/6638","targetHints":{"allow":["GET"]}}],"collection":[{"href":"https:\/\/bigshop.al\/index.php\/wp-json\/wp\/v2\/product"}],"about":[{"href":"https:\/\/bigshop.al\/index.php\/wp-json\/wp\/v2\/types\/product"}],"wp:featuredmedia":[{"embeddable":true,"href":"https:\/\/bigshop.al\/index.php\/wp-json\/wp\/v2\/media\/6639"}],"wp:attachment":[{"href":"https:\/\/bigshop.al\/index.php\/wp-json\/wp\/v2\/media?parent=6638"}],"wp:term":[{"taxonomy":"product_brand","embeddable":true,"href":"https:\/\/bigshop.al\/index.php\/wp-json\/wp\/v2\/product_brand?post=6638"},{"taxonomy":"product_cat","embeddable":true,"href":"https:\/\/bigshop.al\/index.php\/wp-json\/wp\/v2\/product_cat?post=6638"},{"taxonomy":"product_tag","embeddable":true,"href":"https:\/\/bigshop.al\/index.php\/wp-json\/wp\/v2\/product_tag?post=6638"}],"curies":[{"name":"wp","href":"https:\/\/api.w.org\/{rel}","templated":true}]}}