{"id":6829,"date":"2020-07-17T12:05:01","date_gmt":"2020-07-17T12:05:01","guid":{"rendered":"https:\/\/bigshop.al\/?post_type=product&#038;p=6829"},"modified":"2020-07-20T07:26:44","modified_gmt":"2020-07-20T07:26:44","slug":"perforcues-wi-fi-tenda-n300","status":"publish","type":"product","link":"https:\/\/bigshop.al\/index.php\/product\/perforcues-wi-fi-tenda-n300\/","title":{"rendered":"Perforcues Wi-Fi Tenda N300"},"content":{"rendered":"","protected":false},"excerpt":{"rendered":"<p class=\"product-details__product-title ec-header-h3\">Perforcues Wifi Tenda Wireless N300<\/p>\n<ul>\n<li>Shpejt\u00ebsia 300 Mbps<\/li>\n<li>Antenat e jashtme 2 * 3 dBi<\/li>\n<li>Zgjat mbulimin e WiFi deri n\u00eb m\u00eb shum\u00eb 200\u33a1<\/li>\n<li>I pajtueshem me markat kryesore 802.11n ruter standard wireless dhe WiFi DSL<\/li>\n<li>Pesha: 240 g<\/li>\n<li>Dimensionet e paketes 15.2 x 10.2 x 9,6 cm<\/li>\n<li>Modeli: A9<\/li>\n<\/ul>\n","protected":false},"featured_media":6908,"template":"","meta":[],"product_brand":[],"product_cat":[24,97,94],"product_tag":[],"class_list":{"0":"post-6829","1":"product","2":"type-product","3":"status-publish","4":"has-post-thumbnail","6":"product_cat-elektronike","7":"product_cat-extender-antena-wirless","8":"product_cat-network-rrjete","9":"description-off","11":"first","12":"instock","13":"shipping-taxable","14":"purchasable","15":"product-type-simple"},"_links":{"self":[{"href":"https:\/\/bigshop.al\/index.php\/wp-json\/wp\/v2\/product\/6829","targetHints":{"allow":["GET"]}}],"collection":[{"href":"https:\/\/bigshop.al\/index.php\/wp-json\/wp\/v2\/product"}],"about":[{"href":"https:\/\/bigshop.al\/index.php\/wp-json\/wp\/v2\/types\/product"}],"wp:featuredmedia":[{"embeddable":true,"href":"https:\/\/bigshop.al\/index.php\/wp-json\/wp\/v2\/media\/6908"}],"wp:attachment":[{"href":"https:\/\/bigshop.al\/index.php\/wp-json\/wp\/v2\/media?parent=6829"}],"wp:term":[{"taxonomy":"product_brand","embeddable":true,"href":"https:\/\/bigshop.al\/index.php\/wp-json\/wp\/v2\/product_brand?post=6829"},{"taxonomy":"product_cat","embeddable":true,"href":"https:\/\/bigshop.al\/index.php\/wp-json\/wp\/v2\/product_cat?post=6829"},{"taxonomy":"product_tag","embeddable":true,"href":"https:\/\/bigshop.al\/index.php\/wp-json\/wp\/v2\/product_tag?post=6829"}],"curies":[{"name":"wp","href":"https:\/\/api.w.org\/{rel}","templated":true}]}}