{"id":7256,"date":"2020-07-28T13:49:55","date_gmt":"2020-07-28T13:49:55","guid":{"rendered":"https:\/\/bigshop.al\/?post_type=product&#038;p=7256"},"modified":"2020-07-28T13:49:55","modified_gmt":"2020-07-28T13:49:55","slug":"vaj-i-fares-se-zeze","status":"publish","type":"product","link":"https:\/\/bigshop.al\/index.php\/product\/vaj-i-fares-se-zeze\/","title":{"rendered":"Vaj i Fares Se Zeze\u00a0"},"content":{"rendered":"","protected":false},"excerpt":{"rendered":"<p>Vaj i Fares Se Zeze<\/p>\n<p>500ml -&gt; 2700Leke<\/p>\n<p>1000ml -&gt; 5000Leke<br \/>\nIla\u00e7i natyror q\u00eb sh\u00ebron \u00e7do s\u00ebmundje!! Vaji i Far\u00ebs s\u00eb zez\u00eb njihet tashm\u00eb n\u00eb t\u00eb t\u00eb gjith\u00eb globin p\u00ebr dobit\u00eb e panum\u00ebrta t\u00eb tij.Fara e zez\u00eb p\u00ebrmban p\u00ebraf\u00ebrsisht 38% karbohidrate,\u00a0 35% vajra t\u00eb ndryshme, 21% albumin dhe pjesa tjet\u00ebr p\u00ebrb\u00ebhet prej m\u00eb shum\u00eb se nj\u00ebqind substanca t\u00eb ndryshme. P\u00ebr t\u2019u p\u00ebrmendur jan\u00eb:<br \/>\nVajrat acidike t\u00eb pangopura, Acidi Linolein, Acidi Alfa-Linolein, Vajrat me Eter (Nigellon, Alfa-Pinen etj.), vitaminat (B1, B2, B6, Acidi Folik, Niacina), mineralet (hekur, kalcium, magnez, zink, etj.) dhe amino acidet. Tashm\u00eb \u00ebsht\u00eb v\u00ebrtetuar shkenc\u00ebrisht se vaji i Far\u00ebs s\u00eb Zez\u00eb p\u00ebrmban nj\u00eb s\u00ebr\u00eb substancash t\u00eb domosdoshme p\u00ebr organizmin, rrit imunitetin dhe lufton nj\u00eb s\u00ebr\u00eb s\u00ebmundjesh.\u00a0P\u00ebr shkak t\u00eb p\u00ebrb\u00ebr\u00ebsve t\u00eb tij, vaji i Far\u00ebs s\u00eb Zez\u00eb ka nj\u00eb s\u00ebr\u00eb dobish, disa prej t\u00eb cilave jan\u00eb renditur m\u00eb posht\u00eb.<\/p>\n<ul>\n<li>Forcon sistemin imunitar.<\/li>\n<li>P\u00ebrmir\u00ebson metabolizmin e organizmit.<\/li>\n<li>Rrit, zhvillon dhe rinovon qelizat.<\/li>\n<li>Ndihmon n\u00eb zhvillimin e hormoneve dhe n\u00eb formimin e nj\u00eb sistemi nervor dhe hormonal t\u00eb sh\u00ebndetsh\u00ebm.<\/li>\n<li>Lufton alergjit\u00eb dhe pengon shtimin e substancave q\u00eb d\u00ebrgojn\u00eb sinjale alergjike.<\/li>\n<li>Redukton kolesterolin n\u00eb gjak.<\/li>\n<li>Pengon bllokimin e damar\u00ebve, duke rregulluar struktur\u00ebn e tyre dhe nj\u00ebkoh\u00ebsisht shpejt\u00ebsin\u00eb e qarkullimit t\u00eb gjakut.<\/li>\n<li>Stabilizon tensionin e gjakut dhe redukton rrezikun e infraktit n\u00eb zem\u00ebr.<\/li>\n<li>Forcon zemr\u00ebn<\/li>\n<li>Ndihmon n\u00eb rigjenerimin e shpejt\u00eb t\u00eb plag\u00ebve.<\/li>\n<li>Zgjeron rrug\u00ebt e frym\u00ebmarrjes.<\/li>\n<li>Stabilizon sheqerin n\u00eb gjak.<\/li>\n<li>Rigjeneron l\u00ebkur\u00ebn.<\/li>\n<li>P\u00ebrmir\u00ebson funksionimin e aparatit riprodhues.<\/li>\n<li>Ndalon gjakderdhjen.<\/li>\n<li>Redukton pesh\u00ebn.<\/li>\n<li>Shkrin yndyrnat n\u00eb gjak.<\/li>\n<li>\u00cbsht\u00eb antioksidant.<\/li>\n<li>\u00cbsht\u00eb antitumoral.<\/li>\n<li>Lufton infeksionet.<\/li>\n<li>P\u00ebrmir\u00ebson aktivitetin e sistemit t\u00eb tretjes, frym\u00ebmarrjes, qarkullimit t\u00eb gjakut, sistemit nervor, etj.<\/li>\n<\/ul>\n<p>Vaji i far\u00ebs s\u00eb zez\u00eb nuk \u00ebsht\u00eb i d\u00ebmsh\u00ebm. Edhe pse \u00ebsht\u00eb nj\u00eb vaj i fort\u00eb, ai nuk shkakton kurrfar\u00eb irritimesh apo efekte an\u00ebsore.<\/p>\n<p>P\u00ebr p\u00ebrdorimin e tij duhet pasur parasysh: F\u00ebmij\u00ebt n\u00ebn mosh\u00ebn 12 vje\u00e7 rekomandohet t\u00eb p\u00ebrdorin gjysm\u00ebn e doz\u00ebs s\u00eb t\u00eb rriturve.<\/p>\n","protected":false},"featured_media":7257,"template":"","meta":[],"product_brand":[],"product_cat":[153],"product_tag":[],"class_list":{"0":"post-7256","1":"product","2":"type-product","3":"status-publish","4":"has-post-thumbnail","6":"product_cat-kujdesi-personal","7":"description-off","9":"first","10":"instock","11":"shipping-taxable","12":"purchasable","13":"product-type-simple"},"_links":{"self":[{"href":"https:\/\/bigshop.al\/index.php\/wp-json\/wp\/v2\/product\/7256","targetHints":{"allow":["GET"]}}],"collection":[{"href":"https:\/\/bigshop.al\/index.php\/wp-json\/wp\/v2\/product"}],"about":[{"href":"https:\/\/bigshop.al\/index.php\/wp-json\/wp\/v2\/types\/product"}],"wp:featuredmedia":[{"embeddable":true,"href":"https:\/\/bigshop.al\/index.php\/wp-json\/wp\/v2\/media\/7257"}],"wp:attachment":[{"href":"https:\/\/bigshop.al\/index.php\/wp-json\/wp\/v2\/media?parent=7256"}],"wp:term":[{"taxonomy":"product_brand","embeddable":true,"href":"https:\/\/bigshop.al\/index.php\/wp-json\/wp\/v2\/product_brand?post=7256"},{"taxonomy":"product_cat","embeddable":true,"href":"https:\/\/bigshop.al\/index.php\/wp-json\/wp\/v2\/product_cat?post=7256"},{"taxonomy":"product_tag","embeddable":true,"href":"https:\/\/bigshop.al\/index.php\/wp-json\/wp\/v2\/product_tag?post=7256"}],"curies":[{"name":"wp","href":"https:\/\/api.w.org\/{rel}","templated":true}]}}