{"id":7287,"date":"2020-08-04T07:18:05","date_gmt":"2020-08-04T07:18:05","guid":{"rendered":"https:\/\/bigshop.al\/?post_type=product&#038;p=7287"},"modified":"2020-08-04T07:18:06","modified_gmt":"2020-08-04T07:18:06","slug":"krem-me-kollagjen-dhe-qumesht","status":"publish","type":"product","link":"https:\/\/bigshop.al\/index.php\/product\/krem-me-kollagjen-dhe-qumesht\/","title":{"rendered":"Krem me Kollagjen dhe Qumesht"},"content":{"rendered":"","protected":false},"excerpt":{"rendered":"<p>COLLAGEN FACIAL MILK<\/p>\n<p>Krem me Kollagjen dhe Qumesht<\/p>\n<p>Qumshti esht perdorur per shekuj me rralle si nje produkt bukurije . Kombinimi i tij me kolagjen ben te mundur arritjen e nje rezultati perfekt.<\/p>\n<ul>\n<li>Sasia 150 ml<\/li>\n<li>Krijon elasticitetin e munguar ne lekure , me mineralet e detit te vdekur , vajra esencial dhe vitamina<\/li>\n<li>Pastrim i thelle i lekures dhe per nje lekure me te bute dhe me shkelqim<\/li>\n<li>Siguron zbutje t\u00eb l\u00ebkur\u00ebs s\u00eb that\u00eb dhe hidratim<\/li>\n<li>Zbardhues &amp; zbut\u00ebs<\/li>\n<li>Kund\u00ebr plakjes s\u00eb l\u00ebkur\u00ebs<\/li>\n<li>Ushqyes &amp; hidratues<\/li>\n<\/ul>\n<p>P\u00ebrdorimi:<br \/>\nAplikoni nj\u00eb sasi t\u00eb vog\u00ebl n\u00eb l\u00ebkur\u00eb, masazhojeni but\u00ebsisht q\u00eb t\u00eb asorbohet leht\u00eb. P\u00ebr rezultat t\u00eb mir\u00eb aplikojeni rregullisht (2 her\u00eb n\u00eb dit\u00eb, m\u00ebngjes &amp; mbr\u00ebmje).<\/p>\n","protected":false},"featured_media":7300,"template":"","meta":[],"product_brand":[],"product_cat":[162,161,153],"product_tag":[],"class_list":{"0":"post-7287","1":"product","2":"type-product","3":"status-publish","4":"has-post-thumbnail","6":"product_cat-krem-produkte","7":"product_cat-kujdesi-per-lekuren","8":"product_cat-kujdesi-personal","9":"description-off","11":"first","12":"instock","13":"shipping-taxable","14":"purchasable","15":"product-type-simple"},"_links":{"self":[{"href":"https:\/\/bigshop.al\/index.php\/wp-json\/wp\/v2\/product\/7287","targetHints":{"allow":["GET"]}}],"collection":[{"href":"https:\/\/bigshop.al\/index.php\/wp-json\/wp\/v2\/product"}],"about":[{"href":"https:\/\/bigshop.al\/index.php\/wp-json\/wp\/v2\/types\/product"}],"wp:featuredmedia":[{"embeddable":true,"href":"https:\/\/bigshop.al\/index.php\/wp-json\/wp\/v2\/media\/7300"}],"wp:attachment":[{"href":"https:\/\/bigshop.al\/index.php\/wp-json\/wp\/v2\/media?parent=7287"}],"wp:term":[{"taxonomy":"product_brand","embeddable":true,"href":"https:\/\/bigshop.al\/index.php\/wp-json\/wp\/v2\/product_brand?post=7287"},{"taxonomy":"product_cat","embeddable":true,"href":"https:\/\/bigshop.al\/index.php\/wp-json\/wp\/v2\/product_cat?post=7287"},{"taxonomy":"product_tag","embeddable":true,"href":"https:\/\/bigshop.al\/index.php\/wp-json\/wp\/v2\/product_tag?post=7287"}],"curies":[{"name":"wp","href":"https:\/\/api.w.org\/{rel}","templated":true}]}}