{"id":7550,"date":"2020-08-10T10:44:47","date_gmt":"2020-08-10T10:44:47","guid":{"rendered":"https:\/\/bigshop.al\/?post_type=product&#038;p=7550"},"modified":"2020-08-11T08:03:48","modified_gmt":"2020-08-11T08:03:48","slug":"pjaster-havells","status":"publish","type":"product","link":"https:\/\/bigshop.al\/index.php\/product\/pjaster-havells\/","title":{"rendered":"Pjaster Havells"},"content":{"rendered":"","protected":false},"excerpt":{"rendered":"<p>Pjaster <span id=\"productTitle\" class=\"a-size-large product-title-word-break\">Havells<\/span><\/p>\n<ul>\n<li>Pllakat e luajtshme p\u00ebrshtaten me trash\u00ebsin\u00eb e flok\u00ebve, duke ulur presionin dhe duke dh\u00ebn\u00eb nj\u00eb rr\u00ebshqitje t\u00eb leht\u00eb mbi flok\u00ebt tuaj<\/li>\n<li>Pllaka t\u00eb veshura me titan<\/li>\n<li>Per flok\u00eb t\u00eb lirsh\u00ebm<\/li>\n<li>6 nivelet e rregulluesh\u00ebm t\u00eb temperatur\u00ebs q\u00eb i p\u00ebrshtaten t\u00eb gjitha llojeve t\u00eb flok\u00ebve<\/li>\n<li>Pllaka lundruese parandalon prishjen e flok\u00ebve<\/li>\n<li>Pllakat e holla mund t\u00eb p\u00ebrdoren p\u00ebr t\u00eb b\u00ebr\u00eb ka\u00e7urrela<\/li>\n<\/ul>\n","protected":false},"featured_media":7584,"template":"","meta":[],"product_brand":[],"product_cat":[168,153,171],"product_tag":[],"class_list":{"0":"post-7550","1":"product","2":"type-product","3":"status-publish","4":"has-post-thumbnail","6":"product_cat-floket-stilim","7":"product_cat-kujdesi-personal","8":"product_cat-pjastra","9":"description-off","11":"first","12":"instock","13":"shipping-taxable","14":"purchasable","15":"product-type-simple"},"_links":{"self":[{"href":"https:\/\/bigshop.al\/index.php\/wp-json\/wp\/v2\/product\/7550","targetHints":{"allow":["GET"]}}],"collection":[{"href":"https:\/\/bigshop.al\/index.php\/wp-json\/wp\/v2\/product"}],"about":[{"href":"https:\/\/bigshop.al\/index.php\/wp-json\/wp\/v2\/types\/product"}],"wp:featuredmedia":[{"embeddable":true,"href":"https:\/\/bigshop.al\/index.php\/wp-json\/wp\/v2\/media\/7584"}],"wp:attachment":[{"href":"https:\/\/bigshop.al\/index.php\/wp-json\/wp\/v2\/media?parent=7550"}],"wp:term":[{"taxonomy":"product_brand","embeddable":true,"href":"https:\/\/bigshop.al\/index.php\/wp-json\/wp\/v2\/product_brand?post=7550"},{"taxonomy":"product_cat","embeddable":true,"href":"https:\/\/bigshop.al\/index.php\/wp-json\/wp\/v2\/product_cat?post=7550"},{"taxonomy":"product_tag","embeddable":true,"href":"https:\/\/bigshop.al\/index.php\/wp-json\/wp\/v2\/product_tag?post=7550"}],"curies":[{"name":"wp","href":"https:\/\/api.w.org\/{rel}","templated":true}]}}