{"id":7565,"date":"2020-08-11T06:39:54","date_gmt":"2020-08-11T06:39:54","guid":{"rendered":"https:\/\/bigshop.al\/?post_type=product&#038;p=7565"},"modified":"2020-08-11T06:39:54","modified_gmt":"2020-08-11T06:39:54","slug":"makine-qethese-rroje-vgr","status":"publish","type":"product","link":"https:\/\/bigshop.al\/index.php\/product\/makine-qethese-rroje-vgr\/","title":{"rendered":"Makine Qethese \/ Rroje\u00a0 VGR"},"content":{"rendered":"","protected":false},"excerpt":{"rendered":"<p>Makine Qethese \/ Rroje\u00a0 VGR<\/p>\n<ul>\n<li>Makine profesionale e karikueshme per\u00a0 qethje dhe rruajtje.<\/li>\n<li>Me prerese prej \u00e7eliku inox te pandryshkeshm p\u00ebr mprehje automatike.<\/li>\n<li>Treguesi LED tregon fuqin\u00eb e mbetur gjat\u00eb p\u00ebrdorimit dhe karikimit.<\/li>\n<li>Gjithashtu mund t\u00eb funksionoj\u00eb edhe kur \u00ebsht\u00eb duke u karikuar.<\/li>\n<li>E pajisur me 4 krehje udh\u00ebzuese (3 mm, 6 mm, 9mm, 12 mm), t\u00eb lehta p\u00ebr tu arritur n\u00eb nj\u00eb larmi t\u00eb gjer\u00eb t\u00eb modeleve dhe gjat\u00ebsis\u00eb.<\/li>\n<li>Rezistente ndaj ujit<\/li>\n<\/ul>\n","protected":false},"featured_media":7566,"template":"","meta":[],"product_brand":[],"product_cat":[176,175,174],"product_tag":[],"class_list":{"0":"post-7565","1":"product","2":"type-product","3":"status-publish","4":"has-post-thumbnail","6":"product_cat-makina-qethje","7":"product_cat-makina-rroje","8":"product_cat-mjekrra","9":"description-off","11":"first","12":"instock","13":"shipping-taxable","14":"purchasable","15":"product-type-simple"},"_links":{"self":[{"href":"https:\/\/bigshop.al\/index.php\/wp-json\/wp\/v2\/product\/7565","targetHints":{"allow":["GET"]}}],"collection":[{"href":"https:\/\/bigshop.al\/index.php\/wp-json\/wp\/v2\/product"}],"about":[{"href":"https:\/\/bigshop.al\/index.php\/wp-json\/wp\/v2\/types\/product"}],"wp:featuredmedia":[{"embeddable":true,"href":"https:\/\/bigshop.al\/index.php\/wp-json\/wp\/v2\/media\/7566"}],"wp:attachment":[{"href":"https:\/\/bigshop.al\/index.php\/wp-json\/wp\/v2\/media?parent=7565"}],"wp:term":[{"taxonomy":"product_brand","embeddable":true,"href":"https:\/\/bigshop.al\/index.php\/wp-json\/wp\/v2\/product_brand?post=7565"},{"taxonomy":"product_cat","embeddable":true,"href":"https:\/\/bigshop.al\/index.php\/wp-json\/wp\/v2\/product_cat?post=7565"},{"taxonomy":"product_tag","embeddable":true,"href":"https:\/\/bigshop.al\/index.php\/wp-json\/wp\/v2\/product_tag?post=7565"}],"curies":[{"name":"wp","href":"https:\/\/api.w.org\/{rel}","templated":true}]}}