{"id":7721,"date":"2020-08-13T08:54:01","date_gmt":"2020-08-13T08:54:01","guid":{"rendered":"https:\/\/bigshop.al\/?post_type=product&#038;p=7721"},"modified":"2020-08-14T11:28:16","modified_gmt":"2020-08-14T11:28:16","slug":"shenues-magjike","status":"publish","type":"product","link":"https:\/\/bigshop.al\/index.php\/product\/shenues-magjike\/","title":{"rendered":"Shenues Magjike"},"content":{"rendered":"","protected":false},"excerpt":{"rendered":"<p>Shenues Magjike<\/p>\n<ul>\n<li>Kutia Me 6 sh\u00ebnuesve magjik\u00eb COLOR UP<\/li>\n<li>Shenja fluoreshente e verdh\u00eb dhe roz\u00eb e mark\u00ebs Magink (e p\u00ebrfshir\u00eb n\u00eb paket\u00eb) mbi ngjyrat e tjera<\/li>\n<li>6 mm maja<\/li>\n<li>Kapak i ventiluar<\/li>\n<\/ul>\n","protected":false},"featured_media":7820,"template":"","meta":[],"product_brand":[],"product_cat":[510,244],"product_tag":[],"class_list":{"0":"post-7721","1":"product","2":"type-product","3":"status-publish","4":"has-post-thumbnail","6":"product_cat-kancelari","7":"product_cat-shtepia","8":"description-off","10":"first","11":"instock","12":"shipping-taxable","13":"purchasable","14":"product-type-simple"},"_links":{"self":[{"href":"https:\/\/bigshop.al\/index.php\/wp-json\/wp\/v2\/product\/7721","targetHints":{"allow":["GET"]}}],"collection":[{"href":"https:\/\/bigshop.al\/index.php\/wp-json\/wp\/v2\/product"}],"about":[{"href":"https:\/\/bigshop.al\/index.php\/wp-json\/wp\/v2\/types\/product"}],"wp:featuredmedia":[{"embeddable":true,"href":"https:\/\/bigshop.al\/index.php\/wp-json\/wp\/v2\/media\/7820"}],"wp:attachment":[{"href":"https:\/\/bigshop.al\/index.php\/wp-json\/wp\/v2\/media?parent=7721"}],"wp:term":[{"taxonomy":"product_brand","embeddable":true,"href":"https:\/\/bigshop.al\/index.php\/wp-json\/wp\/v2\/product_brand?post=7721"},{"taxonomy":"product_cat","embeddable":true,"href":"https:\/\/bigshop.al\/index.php\/wp-json\/wp\/v2\/product_cat?post=7721"},{"taxonomy":"product_tag","embeddable":true,"href":"https:\/\/bigshop.al\/index.php\/wp-json\/wp\/v2\/product_tag?post=7721"}],"curies":[{"name":"wp","href":"https:\/\/api.w.org\/{rel}","templated":true}]}}