{"id":7727,"date":"2020-08-13T09:21:12","date_gmt":"2020-08-13T09:21:12","guid":{"rendered":"https:\/\/bigshop.al\/?post_type=product&#038;p=7727"},"modified":"2020-08-15T08:53:04","modified_gmt":"2020-08-15T08:53:04","slug":"bojra-carioca-joy","status":"publish","type":"product","link":"https:\/\/bigshop.al\/index.php\/product\/bojra-carioca-joy\/","title":{"rendered":"Bojra Carioca JOY"},"content":{"rendered":"","protected":false},"excerpt":{"rendered":"<p>Bojra Carioca JOY<\/p>\n<ul>\n<li>\u00a0Kutia e 24 stilolapsave t\u00eb mbledhura JOY<\/li>\n<li>\u00a0Boj\u00eb qe mund te lahet<\/li>\n<li>\u00a0K\u00ebshill\u00eb e im\u00ebt dhe e bllokuar 2,6 mm<\/li>\n<li>\u00a0Kapak i ventiluar<\/li>\n<li>\u00a0Prodhuar n\u00eb Itali<\/li>\n<\/ul>\n","protected":false},"featured_media":7830,"template":"","meta":[],"product_brand":[],"product_cat":[510,244],"product_tag":[],"class_list":{"0":"post-7727","1":"product","2":"type-product","3":"status-publish","4":"has-post-thumbnail","6":"product_cat-kancelari","7":"product_cat-shtepia","8":"description-off","10":"first","11":"instock","12":"shipping-taxable","13":"purchasable","14":"product-type-simple"},"_links":{"self":[{"href":"https:\/\/bigshop.al\/index.php\/wp-json\/wp\/v2\/product\/7727","targetHints":{"allow":["GET"]}}],"collection":[{"href":"https:\/\/bigshop.al\/index.php\/wp-json\/wp\/v2\/product"}],"about":[{"href":"https:\/\/bigshop.al\/index.php\/wp-json\/wp\/v2\/types\/product"}],"wp:featuredmedia":[{"embeddable":true,"href":"https:\/\/bigshop.al\/index.php\/wp-json\/wp\/v2\/media\/7830"}],"wp:attachment":[{"href":"https:\/\/bigshop.al\/index.php\/wp-json\/wp\/v2\/media?parent=7727"}],"wp:term":[{"taxonomy":"product_brand","embeddable":true,"href":"https:\/\/bigshop.al\/index.php\/wp-json\/wp\/v2\/product_brand?post=7727"},{"taxonomy":"product_cat","embeddable":true,"href":"https:\/\/bigshop.al\/index.php\/wp-json\/wp\/v2\/product_cat?post=7727"},{"taxonomy":"product_tag","embeddable":true,"href":"https:\/\/bigshop.al\/index.php\/wp-json\/wp\/v2\/product_tag?post=7727"}],"curies":[{"name":"wp","href":"https:\/\/api.w.org\/{rel}","templated":true}]}}