{"id":7935,"date":"2020-08-25T13:16:05","date_gmt":"2020-08-25T13:16:05","guid":{"rendered":"https:\/\/bigshop.al\/?post_type=product&#038;p=7935"},"modified":"2020-09-02T09:09:53","modified_gmt":"2020-09-02T09:09:53","slug":"fish-silikoni-hoco","status":"publish","type":"product","link":"https:\/\/bigshop.al\/index.php\/product\/fish-silikoni-hoco\/","title":{"rendered":"Fish Silikoni HOCO"},"content":{"rendered":"<p>Fish Silikoni HOCO<\/p>\n<p>Silikon I cilesise se larte, jashtezakonisht i durueshem dhe i forte<\/p>\n<p>Rezistent ndaj terheqjeve, perthyerje apo flakeve<\/p>\n<p>Koke alumini te perforcuara kuder deformimit fhe perdorimit te gjate<\/p>\n<p>Berthame prej fijesh bakri te paster mundeson karikim te shpejte e te stabilizuar<\/p>\n<p>Karikon dhe transmeton te dhena njekohesisht<\/p>\n<p>Vazhdon te pune edhe ne temperatura ekstreme -50 grade celcius deri ne 250 grade celcius<\/p>\n","protected":false},"excerpt":{"rendered":"<p>Fish Silikoni HOCO<\/p>\n<ul>\n<li>Gjat\u00ebsia 1m<\/li>\n<li>Pesha: 24g<\/li>\n<li>Micro-USB, p\u00ebr ngarkimin e pajisjeve Android dhe transmetimin e t\u00eb dh\u00ebnave<\/li>\n<li>Veshja e jashtme: silikoni n\u00eb shkall\u00eb ushqimore<\/li>\n<li>Lidh\u00ebs: TPE<\/li>\n<\/ul>\n","protected":false},"featured_media":7954,"template":"","meta":[],"product_brand":[],"product_cat":[36,24],"product_tag":[],"class_list":{"0":"post-7935","1":"product","2":"type-product","3":"status-publish","4":"has-post-thumbnail","6":"product_cat-aksesore","7":"product_cat-elektronike","8":"description-off","10":"first","11":"instock","12":"shipping-taxable","13":"purchasable","14":"product-type-simple"},"_links":{"self":[{"href":"https:\/\/bigshop.al\/index.php\/wp-json\/wp\/v2\/product\/7935","targetHints":{"allow":["GET"]}}],"collection":[{"href":"https:\/\/bigshop.al\/index.php\/wp-json\/wp\/v2\/product"}],"about":[{"href":"https:\/\/bigshop.al\/index.php\/wp-json\/wp\/v2\/types\/product"}],"wp:featuredmedia":[{"embeddable":true,"href":"https:\/\/bigshop.al\/index.php\/wp-json\/wp\/v2\/media\/7954"}],"wp:attachment":[{"href":"https:\/\/bigshop.al\/index.php\/wp-json\/wp\/v2\/media?parent=7935"}],"wp:term":[{"taxonomy":"product_brand","embeddable":true,"href":"https:\/\/bigshop.al\/index.php\/wp-json\/wp\/v2\/product_brand?post=7935"},{"taxonomy":"product_cat","embeddable":true,"href":"https:\/\/bigshop.al\/index.php\/wp-json\/wp\/v2\/product_cat?post=7935"},{"taxonomy":"product_tag","embeddable":true,"href":"https:\/\/bigshop.al\/index.php\/wp-json\/wp\/v2\/product_tag?post=7935"}],"curies":[{"name":"wp","href":"https:\/\/api.w.org\/{rel}","templated":true}]}}